 z(y)?
3
Suppose 4*y + 39 - 258 = 3*n, 3*n - 294 = -5*y. Suppose -22*p = y - 7207. What is the units digit of p?
5
Suppose -12 = 3*x, 14018 + 17646 = 4*n + 3*x. What is the tens digit of n?
1
Let t = 66 + 184. Let q = -117 + t. Suppose -16 = 9*a - q. What is the tens digit of a?
1
Let l(b) = -1096*b - 425. Let j be l(-5). Suppose 6*m = j + 3033. What is the hundreds digit of m?
3
Let c be ((-120)/9)/(1390/(-345) + 4). Suppose 482 = 2*k - c. What is the tens digit of k?
7
Let o(f) = 55*f**3 + f**2 - 5*f + 7. Let g be o(2). Suppose -9*s + 4257 = -g. What is the hundreds digit of s?
5
Let l(a) = a**3 + a**2 - 4*a + 1. Let i be l(3). Suppose 20 = i*q - 24*q. Suppose 4*j + q = 5*j. What is the tens digit of j?
2
Let l = 40 - -45. Let m = -32 + l. Let s = 75 - m. What is the tens digit of s?
2
Suppose -20*x + 913562 - 158853 = -52391. What is the tens digit of x?
5
What is the units digit of (-2 - 42)/(52/(-16731))?
7
Let f = 4 - 0. Suppose -3*r + 2*h = 286, 0 = -0*r + f*r + h + 385. What is the tens digit of 1 + -1 + 2 + -1 - r?
9
Let i be 2219/(-5) + 36/45. Let d = 132 - i. What is the hundreds digit of d?
5
Suppose 0 = 20*c - 11*c - 490833. Suppose c = 69*s - 16*s. What is the units digit of s?
9
Let y(d) be the third derivative of 9*d**5/20 - 11*d**4/24 - 5*d**3/2 + 119*d**2. What is the units digit of y(-3)?
1
What is the tens digit of ((-137517)/15)/(-1) + 67/335?
6
Let i(d) = -631*d**3 + 2*d**2 + 2*d. Let m be i(-1). Suppose 0 = 2*k - m + 27. What is the tens digit of k?
0
Let b(k) = k**3 + 5*k**2 - 3*k - 13. Let z be b(-5). Let t be -22 + (-2)/(-4 + z). What is the hundreds digit of -1 + (-27)/t - 1522/(-14)?
1
What is the thousands digit of (8465 - (1/(-2) + (-374)/(-68))) + 0?
8
Let n(a) = -a**3 + 27*a**2 - 48*a - 26. Let h be n(25). Let j(y) = 4*y + 66. What is the tens digit of j(h)?
6
Suppose -31*a + 379310 + 119262 = -52484. What is the tens digit of a?
7
Let i = 268 + -255. Let h be 13/(-4 + 53/13). Suppose -w + h = i. What is the units digit of w?
6
Let b be (912/(-9) + 2)/((-20)/30). What is the tens digit of 5 + -7 + b - 3/(-3)?
4
Suppose 5*m = -2*x - 1, 2*x + m = -3*m + 4. Suppose -5*n = x + 8. What is the units digit of 736/48 - n/(-3)?
4
Let x(p) = p**3 + 23*p**2 + 16*p - 49. Let s be x(-23). Let y = -314 - s. What is the hundreds digit of y?
1
Suppose -107*b + 20 = -97*b. Suppose g + n = 4*n + 775, b*g + 3*n = 1505. What is the units digit of g?
0
Let i(m) = -3*m + 12. Let c = 15 + -10. Let a be i(c). What is the units digit of a/2 + 33/(-22) - -101?
8
Suppose 0 = 4*s + j + 4941, -3727 = 3*s - 2*j + 7*j. Let y = s + 2189. What is the units digit of y?
5
Suppose -4*h + 1172 = 2*p, -5*h + 0*p + 2*p + 1474 = 0. Let s = h + -119. What is the tens digit of 2/(-12) + 0 + s/6?
2
Suppose 424*y = 419*y - 45. What is the units digit of 13*(y + 71)*1?
6
Let c(o) be the second derivative of 7*o**4/4 - o**3/3 - 6*o**2 - 54*o. What is the units digit of c(-5)?
3
Suppose -4*y - 927 = -5*x, 2*y = -3*y - 2*x - 1134. Let o = 1154 + y. What is the tens digit of o?
2
Suppose 2*x = x - 4, 5*l - 40 = 5*x. What is the units digit of (-80577)/(-252) - (-5)/l?
1
What is the hundreds digit of (-4)/(-34) + (-22644418)/(-493)?
9
Suppose 3*o = 2*t + 12129 - 62063, -4*t = 5*o - 99934. What is the hundreds digit of t?
9
Let t = 27325 - 19277. What is the hundreds digit of t?
0
Suppose -4 = q - 6, 3*t = -q + 71. Suppose -6*n + t = 131. What is the units digit of n/27 - 68/(-3)?
2
Suppose -5*p + 2*d + 1450 = 0, 4*p + 7*d - 1137 = 4*d. Suppose p + 29 = u - 4*y, 0 = -y + 2. What is the hundreds digit of u?
3
Let n(r) = -r**3 + 39*r**2 + 20*r + 62. What is the hundreds digit of n(32)?
8
Suppose a - 7452 = 64*t - 63*t, -5*a = t - 37260. What is the units digit of a?
2
Suppose -217*n - 4*r = -214*n - 7107, 2*n - 3*r = 4772. What is the tens digit of n?
7
Suppose -12*r + 10*r + p + 21 = 0, -4*r = 2*p - 30. Suppose r*m + 11394 = 36*m. What is the tens digit of m?
2
Let v = -142 - -143. What is the hundreds digit of (v - 258 - 6)/(-1)?
2
Let j = 32912 - 16601. What is the ten thousands digit of j?
1
Let b = -372 - -338. What is the hundreds digit of (-27026)/b - (-92)/782?
7
Let h(o) = 336*o - 133. Let q be h(18). Suppose -1177 = -m - 2*k, 4*m - 5*k - q = -m. What is the hundreds digit of m?
1
Let j = -150 + 153. Let d = 22 - j. What is the tens digit of d?
1
Suppose -5*l + 49 = 44. What is the units digit of (18/54)/(l/5304)?
8
Let l = -14629 - -25766. What is the hundreds digit of l?
1
Let i = 28035 - 14069. What is the thousands digit of i?
3
Suppose -6138 = -6*h + 6504. What is the tens digit of h?
0
Let c = -69387 - -122620. What is the ten thousands digit of c?
5
Let g(q) = 51*q - 4. Let w be g(7). Suppose -2*l = h + 493, -2*h - w - 630 = l. What is the hundreds digit of -3*h/12 - (-2)/8?
1
Let r(k) = 121*k - 1066. What is the units digit of r(24)?
8
Let b(k) = -k**2 - 10*k - 15. Let n be b(-11). Let c = -21 - n. Suppose c*g - 176 - 159 = 0. What is the tens digit of g?
6
Let i be (-16)/4 + 0 + 3. Let l be ((-80)/6 + -3 - i)*-54. Suppose 0*b - l = -6*b. What is the tens digit of b?
3
Let k(h) be the second derivative of h**5/20 + 2*h**4 + 14*h**3/3 - 11*h**2 + 2*h - 27. What is the hundreds digit of k(-21)?
7
Suppose y - 5 = -4*s, 2*s = -0 - 2. Suppose h + 2*h = 2*f + 64, 3*h = -4*f + 52. Suppose -8*b = -y*b + h. What is the units digit of b?
0
What is the hundreds digit of ((-18)/(-1))/((-478)/(-637891))?
0
Suppose 0 = 4*y - 4*b - 19151 - 18801, 0 = -3*y + b + 28464. What is the hundreds digit of y?
4
Suppose -5*f = -a - f - 544, 3*a = -f - 1606. Let l = a + 796. What is the tens digit of l?
6
Let m(n) = -7476*n - 195. What is the tens digit of m(-6)?
6
Suppose 242909 + 23362 = 56*q + 46863. What is the thousands digit of q?
3
Let c be 172*(-6)/((-36)/(-21)). Let g = 41 + c. What is the tens digit of g/(-27) + (-6)/(-27)?
2
Let p = 33 + 32974. What is the hundreds digit of p?
0
Let u be (-2510)/(-50) + ((-6)/(-15))/(-2). Suppose 0 = 4*p - 49 + 5. Let n = u - p. What is the tens digit of n?
3
Suppose -5*x = -4*s - 40, 33 = 2*x + 18*s - 23*s. What is the hundreds digit of 354 - (x - (-16)/(-8))?
3
Let g be (-57258)/45 + (-8)/(-20). Let r = g + 1809. What is the tens digit of r?
3
Suppose 0 = -104*k + 89877 + 178547. What is the tens digit of k?
8
Suppose -3232 = -4*f + 2*c + 6400, c + 2410 = f. What is the hundreds digit of f?
4
Let d = -2267 + 5008. What is the hundreds digit of d?
7
Suppose -30918 + 44536 = -22*r + 293436. What is the units digit of r?
9
Suppose 4*p - 3*p = 59. Let v = -41 + p. Suppose -n = -v + 3. What is the tens digit of n?
1
Let z(k) = k**2 - 13*k + 42. Let l be z(9). Suppose -c + l = 2*c. Suppose c*x = 3*a - 47, 4*a - x + 3*x = 72. What is the tens digit of a?
1
Let v(q) = -243*q**2 - 8108*q + 9. What is the tens digit of v(-25)?
3
Let q = 84181 - 48108. What is the thousands digit of q?
6
Let d = -7984 + 9920. What is the thousands digit of d?
1
Suppose -3*l - 4*z = -1402, -2*l + 2*z + 2*z = -928. Suppose 0 = -x + l + 168. Suppose -4*y + x = 5*b - y, -638 = -5*b - y. What is the hundreds digit of b?
1
Suppose 66*q = 68*q - 52. Suppose 4*h - q = 2*v, -h + 0*h - 4*v = -20. What is the units digit of h?
8
Let y(h) = h**2 + 7*h + 10. Let j be y(-5). Let g = 6 + j. Suppose -g*a + 49 = -17. What is the tens digit of a?
1
Let j be 88/22 - (-1)/1*2. Let u(d) = 16*d - 1 + 0*d - 6*d - j*d. What is the tens digit of u(8)?
3
Suppose 124*h = 153*h - 134154. What is the tens digit of h?
2
Let h be (-2)/(-22) + 884/(-286). What is the units digit of (465 + h)/(6 + -4)?
1
Suppose 0 = 13*f - 9241 - 150269. What is the units digit of f?
0
What is the units digit of 0*(-6)/(-30) - -2917?
7
Let z(v) = -3*v**3 + 4*v**2 - 4*v - 18. Let m be z(7). Let i = m - -1323. Let x = i + -213. What is the units digit of x?
1
Suppose -4*w - p + 130684 = 0, 1360*p - 130696 = -4*w + 1356*p. What is the hundreds digit of w?
6
Suppose -3*y = -a - 73, -2*a + 4*a + 123 = 5*y. Suppose -y = 4*c - r, -3*c + 2*r = -4*c + 1. What is the tens digit of (-1033)/c - (-18)/45?
0
Let g(n) = 330*n - 3. Let c be g(1). Let l = 262 + c. What is the units digit of l?
9
Suppose w = -2*r + 5, -2*r = -2*w + 15 + 13. Suppose w*u + 10 = 21. What is the units digit of (u/(-2))/((-6)/2820)?
5
Su